-2*g - 5. What is b(-9)?
13
Let v(d) = -18*d + 1204. Give v(67).
-2
Let v(z) = z**2 - 7*z - 21. Determine v(9).
-3
Let m(x) = -30*x - 66. What is m(-2)?
-6
Let a(p) = -p**3 - 7*p**2 - 4*p + 6. What is a(-6)?
-6
Let h(n) = n + 20. Give h(-31).
-11
Let a(h) = -h**3 - 9*h**2 - 2*h + 9. What is a(-6)?
-87
Let u(v) = 3*v**2 + 49*v - 3. Determine u(-17).
31
Let r(s) = s**2 - 15*s - 54. Determine r(17).
-20
Let b(l) = -l**2 + 24*l - 149. What is b(11)?
-6
Let b(m) = -m**2 - 22*m - 67. Give b(-18).
5
Let s(l) = -2*l**2 - 40*l - 40. Determine s(-19).
-2
Let t(o) = -o**3 + 2*o**2 + 2*o - 5. Determine t(0).
-5
Let i(r) = -r**3 - 16*r**2 + 15*r - 34. What is i(-17)?
0
Let x(m) = -3*m - 17. Calculate x(-9).
10
Let r(s) = -3*s**3 + 4*s**2 - 9*s. Calculate r(3).
-72
Let s(q) = -2*q**2 - 16*q + 11. Calculate s(-9).
-7
Let k(d) = -d**2 + 3*d - 3. What is k(4)?
-7
Let j(h) = h**3 - 9*h**2 + h + 7. Give j(4).
-69
Let b(j) = -j**2 - 15*j - 44. What is b(-8)?
12
Let g(v) = -8*v - 1. Determine g(-1).
7
Let d(v) = -2*v**2 + v + 17. Calculate d(-4).
-19
Let w(s) = 2*s**2 - 5*s + 4. Determine w(4).
16
Let q(k) = 14*k + 18. Calculate q(-4).
-38
Let x(v) = v**2 - 18*v + 21. What is x(17)?
4
Let p(g) = -g**3 + 12*g**2 - 4*g - 27. Calculate p(11).
50
Let y(j) = -j**3 - 9*j**2 - 8*j - 17. Calculate y(-9).
55
Let a(f) = 10*f - 19. Give a(-3).
-49
Let q(h) = -6*h**3 - 7*h - 6. Give q(-1).
7
Let v(f) = 4*f + 2. Give v(-4).
-14
Let i(h) = 2*h**2 - 41*h - 66. Calculate i(22).
0
Let h(w) = 2*w - 30. Give h(19).
8
Let d(h) = h**2 + 4*h + 3. Determine d(-4).
3
Let i(v) = v**3 - 16*v**2 + 15*v - 6. What is i(15)?
-6
Let q(g) = -2*g**2 + 2*g - 1. Give q(-2).
-13
Let l(w) = 62*w + 183. Calculate l(-3).
-3
Let f(i) = -i**3 + 15*i**2 - 27*i + 8. Give f(13).
-5
Let z(i) = 2*i**2 - 39*i - 1. Give z(0).
-1
Let f(p) = 42*p - 131. Give f(3).
-5
Let c(w) = -w**2 - 87*w - 830. What is c(-11)?
6
Let d(w) = w**3 + 8*w**2 - 18*w + 17. Give d(-10).
-3
Let p(k) = -k**2 - 14*k - 6. What is p(-12)?
18
Let a(x) = -x**3 - x + 18. Determine a(0).
18
Let j(h) = -5*h + 1. Determine j(3).
-14
Let i(t) = 4*t**2 + 73*t + 11. Calculate i(-18).
-7
Let n(g) = g**3 - 3*g**2 - 2*g - 4. Calculate n(4).
4
Let v(u) = -16*u**3 + 4*u**2 + 3*u. Calculate v(-1).
17
Let p(z) = -z**2 - z - 1. What is p(-3)?
-7
Let p(w) = -w**3 + 8*w**2 + w - 11. Determine p(8).
-3
Let q(z) = 8*z**2 + z. Calculate q(-1).
7
Let j(h) = -8*h + 104. What is j(11)?
16
Let f(t) = -t**3 + 15*t**2 + 3*t - 35. Determine f(15).
10
Let n(q) = q**2 - 6*q - 3. Give n(8).
13
Let g(j) = -j**3 - 13*j**2 - 13*j - 24. What is g(-12)?
-12
Let l(t) = t**3 + 52*t**2 + 62*t + 562. What is l(-51)?
1
Let z(d) = -15*d + 59. Calculate z(6).
-31
Let c(k) = k**3 - k**2 - 22*k + 8. What is c(5)?
-2
Let b(u) = -u**3 + 11*u**2 - 30*u - 5. Determine b(6).
-5
Let o(b) = 3*b**2 + 10*b - 7. Calculate o(-6).
41
Let m(q) = -3*q - 55. Calculate m(-8).
-31
Let c(k) = -3*k**2 + 3*k + 4. What is c(3)?
-14
Let n(q) = -17*q - 64. Give n(-4).
4
Let t(a) = a**3 + 10*a**2 + 9. Give t(-10).
9
Let v(w) = -2*w - 15. Determine v(11).
-37
Let f(z) = -z**2 + 2*z - 1. Determine f(5).
-16
Let m(r) = 21*r - 242. Determine m(11).
-11
Let u(d) = d**2 + 24*d + 120. What is u(-16)?
-8
Let f(k) = -k**3 + 12*k**2 - k - 15. What is f(12)?
-27
Let v(b) = b**2 - 4*b - 4. Give v(7).
17
Let n(t) = t**3 + 13*t**2 + 2*t + 3. Give n(-13).
-23
Let j(i) = 16*i - 378. What is j(24)?
6
Let q(l) = -l - 11. What is q(-13)?
2
Let s(f) = -6*f + 9. Determine s(1).
3
Let c(w) = -10*w**2 + 203*w - 56. What is c(20)?
4
Let t(d) = -3*d**3 + 2*d**2 + 3*d - 2. Give t(2).
-12
Let o(q) = -13*q + 84. Give o(8).
-20
Let f(i) = -i**3 - 10*i**2 + 12*i + 20. Calculate f(-11).
9
Let j(l) = 9*l + 4. Give j(0).
4
Let q(p) = -p + 13. Determine q(16).
-3
Let q(a) = a**2 - 6*a - 1. What is q(7)?
6
Let c(w) = -w**3 - 9*w**2 - 8. Determine c(-9).
-8
Let k(h) = -2*h**3 - 37*h**2 + 9*h - 193. What is k(-19)?
-3
Let m(x) = x**3 - 8*x**2 + 9*x + 16. Determine m(5).
-14
Let i(m) = 18*m**3 + 2*m**2 - 2*m + 1. What is i(1)?
19
Let i(x) = 16*x - 171. What is i(10)?
-11
Let u(m) = m**3 - 13*m**2 + 15*m - 5. Calculate u(10).
-155
Let f(u) = -4*u + 6. Calculate f(3).
-6
Let l(h) = -h**2 - 5*h + 258. Give l(14).
-8
Let b(h) = -7*h**2 - 127*h - 9. Give b(-18).
9
Let o(w) = w - 37. What is o(0)?
-37
Let x(r) = r**3 - 5*r**2 + 5*r - 10. Calculate x(4).
-6
Let o(k) = -2*k**3 + 88*k**2 - 83*k - 134. What is o(43)?
-5
Let f(t) = 3*t**2 + 12*t + 16. What is f(-3)?
7
Let p(z) = -2*z + 8. Calculate p(-7).
22
Let m(t) = -t**2 + 6*t - 12. What is m(2)?
-4
Let g(a) = -2*a**2 + 10*a + 40. Calculate g(8).
-8
Let y(b) = -b**3 + 5*b**2 + 8*b - 8. Calculate y(9).
-260
Let m(n) = 119*n**3 + 3*n**2 + 5*n + 1. What is m(-1)?
-120
Let m(s) = 2*s + 23. Give m(-13).
-3
Let g(c) = 2*c + 10. Determine g(-3).
4
Let r(j) = -6*j**3 - 1. Determine r(1).
-7
Let c(h) = 3*h - 2. Calculate c(12).
34
Let s(g) = -g**3 + 10*g**2 - 12*g + 12. Give s(9).
-15
Let j(t) = 92*t**2 + t - 2. What is j(1)?
91
Let s(o) = o**3 + 4*o**2 - 6*o + 1. Give s(1).
0
Let q(r) = r**2 + 33*r + 239. What is q(-22)?
-3
Let d(i) = -i**2 + i - 38. Determine d(0).
-38
Let d(a) = -a**3 - 33*a**2 - 5*a - 51. Calculate d(-33).
114
Let b(i) = -i**3 + i + 74. What is b(0)?
74
Let l(a) = 2*a**2 - 4*a - 2. What is l(4)?
14
Let c(i) = -23*i**2 - 5*i - 2. What is c(-3)?
-194
Let v(u) = u**3 - 34*u**2 - 2*u + 79. Calculate v(34).
11
Let z(k) = -6*k - 56. Give z(-8).
-8
Let x(t) = t**2 - 4*t - 2. Determine x(4).
-2
Let l(u) = 10*u - 44. What is l(9)?
46
Let d(o) = -3*o. Determine d(2).
-6
Let h(s) = s**3 - 7*s**2 - 8*s + 21. Give h(8).
21
Let r(v) = v**2 + 13*v - 18. Give r(-15).
12
Let o(r) = r**3 - 22*r**2 + 18*r + 60. Determine o(21).
-3
Let b(f) = 18*f**2 - 1. Give b(-2).
71
Let z(v) = -33*v + 166. What is z(5)?
1
Let x(v) = v**3 - 7*v**2 + 4*v + 6. Determine x(6).
-6
Let m(q) = -q**2 - 39*q - 146. Calculate m(-36).
-38
Let o(w) = 2*w - 35. Calculate o(8).
-19
Let v(p) = -p**3 - 9*p**2 - 18*p - 9. Calculate v(-6).
-9
Let t(x) = -x**3 - 5*x**2 + 11*x + 47. Determine t(-5).
-8
Let q(k) = -2*k - 3. Determine q(0).
-3
Let h(j) = -11*j - 10. Calculate h(3).
-43
Let s(b) = -b**3 - 5*b**2 + 3*b. What is s(-6)?
18
Let q(k) = 3*k**2 + 34*k - 22. Give q(-12).
2
Let a(y) = y**2 - 4*y - 80. What is a(-6)?
-20
Let w(h) = -h**3 - 3*h**2 + h + 5. Determine w(0).
5
Let n(i) = 4*i. What is n(-1)?
-4
Let c(x) = -x**2 + 3*x - 2. Determine c(1).
0
Let l(y) = 13*y - 13. Give l(-4).
-65
Let t(h) = -52*h - 2. Determine t(-1).
50
Let q(h) = 4*h**2 + 56*h - 65. Determine q(-15).
-5
Let f(r) = -r**3 - 32*r**2 + 35*r + 76. Determine f(-33).
10
Let u(y) = 4*y**2 + 20*y + 2. Determine u(-5).
2
Let l(z) = -6*z**3 + z**2 + 4*z + 4. What is l(-2)?
48
Let y(q) = 3*q + 10. Give y(-4).
-2
Let q(t) = 2*t - 8. What is q(-4)?
-16
Let y(d) = -d**3 + 6*d**2 - d - 4. Determine y(6).
-10
Let z(k) = -2*k + 7. Calculate z(15).
-23
Let x(i) = i**2 - 7. What is x(4)?
9
Let t(l) = -l**3 - 7*l**2 - 7*l - 5. Calculate t(-6).
1
Let d(r) = r**2 - 10*r + 11. What is d(6)?
-13
Let z(d) = -d**3 - 16*d**2 + 15*d - 36. What is z(-17)?
-2
Let h(m) = -4*m - 3. What is h(-10)?
37
Let m(s) = s**3 - s**2 - 2*s + 2. Determine m(2).
2
Let p(s) = -3*s**2 + 5*s + 4. Determine p(-3).
-38
Let s(l) = -7*l - 117. What is s(-16)?
-5
Let n(r) = 7*r + 1. What is n(4)?
29
Let c(t) = t - 11. What is c(-14)?
-25
Let r(p) = 4*p**2 - 41*p + 132. Determine r(5).
27
Let i(c) = -c**2 + 7*c + 7. Give i(7).
7
Let s(r) = -2*r**2 - 3*r + 1. Give s(-3).
-8
Let f(a) = -a**2 + 14*a - 24. What is f(12)?
0
Let o(q) = -85*q - 1113. Give o(-13).
-8
Let d(x) = 7*x**2 + 19*x + 3. What is d(-3)?
9
Let t(f) = -2*f**2 + 16*f - 16. Determine t(7).
-2
Let q(y) = -2*y**3 - 3*y**2 + 4*y + 4. Calculate q(-3).
19
Let w(f) = 6*f**2 - 2*f - 3. Calculate w(-2).
25
Let u(b) = -3*b**2 + 17*b - 3. Determine u(7).
-31
Let h(d) = -6*d - 26. What is h(-9)?
28
Let l(b) = -11*b - 11. Calculate l(4).
-55
Let j(z) = z**3 + 14*z**2 + 11*z + 23. Give j(-13).
49
Let i(g) = g - 5. Calculate i(8).
3
Let a(h) = h**3 - 16*h**2 - 12. What is a(16)?
-12
Let n(q) = q**2 + 11*q + 20. Determine n(-9).
2
Let q(v) = 4*v + 9. Give q(0).
9
Let q(p) = p**2 + 6*p - 1. Determine q(-5).
-6
Let s(r) = -r**3 - 7*r**2 - 3*r + 12. Calculate s(-6)